[INFO] fetching crate rlm2c 0.1.0...
[INFO] checking rlm2c-0.1.0 against master#af3c6e733a40e671550e0f0f5aeecaa13772ba56 for pr-74989
[INFO] extracting crate rlm2c 0.1.0 into /workspace/builds/worker-9/source
[INFO] validating manifest of crates.io crate rlm2c 0.1.0 on toolchain af3c6e733a40e671550e0f0f5aeecaa13772ba56
[INFO] running `Command { std: "/workspace/cargo-home/bin/cargo" "+af3c6e733a40e671550e0f0f5aeecaa13772ba56" "read-manifest" "--manifest-path" "Cargo.toml", kill_on_drop: false }`
[INFO] started tweaking crates.io crate rlm2c 0.1.0
[INFO] finished tweaking crates.io crate rlm2c 0.1.0
[INFO] tweaked toml for crates.io crate rlm2c 0.1.0 written to /workspace/builds/worker-9/source/Cargo.toml
[INFO] crate crates.io crate rlm2c 0.1.0 already has a lockfile, it will not be regenerated
[INFO] running `Command { std: "/workspace/cargo-home/bin/cargo" "+af3c6e733a40e671550e0f0f5aeecaa13772ba56" "fetch" "--locked" "--manifest-path" "Cargo.toml", kill_on_drop: false }`
[INFO] running `Command { std: "docker" "create" "-v" "/var/lib/crater-agent-workspace/builds/worker-9/target:/opt/rustwide/target:rw,Z" "-v" "/var/lib/crater-agent-workspace/builds/worker-9/source:/opt/rustwide/workdir:ro,Z" "-v" "/var/lib/crater-agent-workspace/cargo-home:/opt/rustwide/cargo-home:ro,Z" "-v" "/var/lib/crater-agent-workspace/rustup-home:/opt/rustwide/rustup-home:ro,Z" "-e" "SOURCE_DIR=/opt/rustwide/workdir" "-e" "CARGO_TARGET_DIR=/opt/rustwide/target" "-e" "CARGO_HOME=/opt/rustwide/cargo-home" "-e" "RUSTUP_HOME=/opt/rustwide/rustup-home" "-w" "/opt/rustwide/workdir" "-m" "1610612736" "--user" "0:0" "--network" "none" "rustops/crates-build-env@sha256:d92eaeed33fa75130ca1ee6c8a01d1ffb62bac859dfdfb3450e3e5d1c0146529" "/opt/rustwide/cargo-home/bin/cargo" "+af3c6e733a40e671550e0f0f5aeecaa13772ba56" "metadata" "--no-deps" "--format-version=1", kill_on_drop: false }`
[INFO] [stdout] 37730156bc36ec784d92c915280452d21c6486b54990d2efd1164b2cb2bb7fba
[INFO] [stderr] WARNING: Your kernel does not support swap limit capabilities or the cgroup is not mounted. Memory limited without swap.
[INFO] running `Command { std: "docker" "start" "-a" "37730156bc36ec784d92c915280452d21c6486b54990d2efd1164b2cb2bb7fba", kill_on_drop: false }`
[INFO] running `Command { std: "docker" "inspect" "37730156bc36ec784d92c915280452d21c6486b54990d2efd1164b2cb2bb7fba", kill_on_drop: false }`
[INFO] running `Command { std: "docker" "rm" "-f" "37730156bc36ec784d92c915280452d21c6486b54990d2efd1164b2cb2bb7fba", kill_on_drop: false }`
[INFO] [stdout] 37730156bc36ec784d92c915280452d21c6486b54990d2efd1164b2cb2bb7fba
[INFO] running `Command { std: "docker" "create" "-v" "/var/lib/crater-agent-workspace/builds/worker-9/target:/opt/rustwide/target:rw,Z" "-v" "/var/lib/crater-agent-workspace/builds/worker-9/source:/opt/rustwide/workdir:ro,Z" "-v" "/var/lib/crater-agent-workspace/cargo-home:/opt/rustwide/cargo-home:ro,Z" "-v" "/var/lib/crater-agent-workspace/rustup-home:/opt/rustwide/rustup-home:ro,Z" "-e" "SOURCE_DIR=/opt/rustwide/workdir" "-e" "CARGO_TARGET_DIR=/opt/rustwide/target" "-e" "CARGO_INCREMENTAL=0" "-e" "RUST_BACKTRACE=full" "-e" "RUSTFLAGS=--cap-lints=forbid" "-e" "CARGO_HOME=/opt/rustwide/cargo-home" "-e" "RUSTUP_HOME=/opt/rustwide/rustup-home" "-w" "/opt/rustwide/workdir" "-m" "1610612736" "--user" "0:0" "--network" "none" "rustops/crates-build-env@sha256:d92eaeed33fa75130ca1ee6c8a01d1ffb62bac859dfdfb3450e3e5d1c0146529" "/opt/rustwide/cargo-home/bin/cargo" "+af3c6e733a40e671550e0f0f5aeecaa13772ba56" "check" "--frozen" "--all" "--all-targets" "--message-format=json", kill_on_drop: false }`
[INFO] [stdout] 731ee5027f502a3a8ed4fd63de90be9296c6b44d763a20a8b4e67bbde4ae77d5
[INFO] [stderr] WARNING: Your kernel does not support swap limit capabilities or the cgroup is not mounted. Memory limited without swap.
[INFO] running `Command { std: "docker" "start" "-a" "731ee5027f502a3a8ed4fd63de90be9296c6b44d763a20a8b4e67bbde4ae77d5", kill_on_drop: false }`
[INFO] [stderr]    Compiling unicode-xid v0.2.1
[INFO] [stderr]    Compiling syn v1.0.36
[INFO] [stderr]    Compiling serde v1.0.114
[INFO] [stderr]    Compiling bitflags v1.2.1
[INFO] [stderr]    Compiling memchr v2.3.3
[INFO] [stderr]     Checking cfg-if v0.1.10
[INFO] [stderr]    Compiling nix v0.15.0
[INFO] [stderr]    Compiling log v0.4.11
[INFO] [stderr]    Compiling vigem-sys v1.1.0
[INFO] [stderr]     Checking void v1.0.2
[INFO] [stderr]    Compiling interception-sys v0.1.3
[INFO] [stderr]     Checking lazy_static v1.4.0
[INFO] [stderr]    Compiling cpal v0.12.1
[INFO] [stderr]     Checking quick-error v1.2.3
[INFO] [stderr]     Checking termcolor v1.1.0
[INFO] [stderr]     Checking base64 v0.12.3
[INFO] [stderr]    Compiling alsa-sys v0.3.0
[INFO] [stderr]     Checking humantime v1.3.0
[INFO] [stderr]    Compiling proc-macro2 v1.0.19
[INFO] [stderr]     Checking thread_local v1.0.1
[INFO] [stderr]     Checking atty v0.2.14
[INFO] [stderr]    Compiling quote v1.0.7
[INFO] [stderr]     Checking vigem v0.9.1
[INFO] [stderr]     Checking aho-corasick v0.7.13
[INFO] [stdout] error[E0308]: mismatched types
[INFO] [stdout]   --> /opt/rustwide/cargo-home/registry/src/github.com-1ecc6299db9ec823/vigem-0.9.1/src/types/target.rs:43:18
[INFO] [stdout]    |
[INFO] [stdout] 42 |     pub fn size(&self) -> u32 {
[INFO] [stdout]    |                           --- expected `u32` because of return type
[INFO] [stdout] 43 |         unsafe { (*(*self.raw)).Size }
[INFO] [stdout]    |                  ^^^^^^^^^^^^^^^^^^^ expected `u32`, found `u64`
[INFO] [stdout]    |
[INFO] [stdout] help: you can convert an `u64` to `u32` and panic if the converted value wouldn't fit
[INFO] [stdout]    |
[INFO] [stdout] 43 |         unsafe { (*(*self.raw)).Size.try_into().unwrap() }
[INFO] [stdout]    |                  ^^^^^^^^^^^^^^^^^^^^^^^^^^^^^^^^^^^^^^^
[INFO] [stdout] 
[INFO] [stdout] 
[INFO] [stdout] error[E0308]: mismatched types
[INFO] [stdout]   --> /opt/rustwide/cargo-home/registry/src/github.com-1ecc6299db9ec823/vigem-0.9.1/src/types/target.rs:47:18
[INFO] [stdout]    |
[INFO] [stdout] 46 |     pub fn serial_no(&self) -> u32 {
[INFO] [stdout]    |                                --- expected `u32` because of return type
[INFO] [stdout] 47 |         unsafe { (*(*self.raw)).SerialNo }
[INFO] [stdout]    |                  ^^^^^^^^^^^^^^^^^^^^^^^ expected `u32`, found `u64`
[INFO] [stdout]    |
[INFO] [stdout] help: you can convert an `u64` to `u32` and panic if the converted value wouldn't fit
[INFO] [stdout]    |
[INFO] [stdout] 47 |         unsafe { (*(*self.raw)).SerialNo.try_into().unwrap() }
[INFO] [stdout]    |                  ^^^^^^^^^^^^^^^^^^^^^^^^^^^^^^^^^^^^^^^^^^^
[INFO] [stdout] 
[INFO] [stdout] 
[INFO] [stdout] error[E0308]: mismatched types
[INFO] [stdout]   --> /opt/rustwide/cargo-home/registry/src/github.com-1ecc6299db9ec823/vigem-0.9.1/src/types/target.rs:85:20
[INFO] [stdout]    |
[INFO] [stdout] 82 |     pub fn index(&self) -> u32 {
[INFO] [stdout]    |                            --- expected `u32` because of return type
[INFO] [stdout] ...
[INFO] [stdout] 85 |             return index;
[INFO] [stdout]    |                    ^^^^^ expected `u32`, found `u64`
[INFO] [stdout]    |
[INFO] [stdout] help: you can convert an `u64` to `u32` and panic if the converted value wouldn't fit
[INFO] [stdout]    |
[INFO] [stdout] 85 |             return index.try_into().unwrap();
[INFO] [stdout]    |                    ^^^^^^^^^^^^^^^^^^^^^^^^^
[INFO] [stdout] 
[INFO] [stdout] 
[INFO] [stdout] error[E0308]: mismatched types
[INFO] [stdout]   --> /opt/rustwide/cargo-home/registry/src/github.com-1ecc6299db9ec823/vigem-0.9.1/src/types/vigem.rs:85:73
[INFO] [stdout]    |
[INFO] [stdout] 85 |             vigem_target_x360_get_user_index(**self.vigem, *target.raw, index_ptr);
[INFO] [stdout]    |                                                                         ^^^^^^^^^ expected `u64`, found `u32`
[INFO] [stdout]    |
[INFO] [stdout]    = note: expected raw pointer `*mut u64`
[INFO] [stdout]               found raw pointer `*mut u32`
[INFO] [stdout] 
[INFO] [stdout] 
[INFO] [stdout] error: aborting due to 4 previous errors
[INFO] [stdout] 
[INFO] [stdout] 
[INFO] [stdout] For more information about this error, try `rustc --explain E0308`.
[INFO] [stdout] 
[INFO] [stderr] error: could not compile `vigem`.
[INFO] [stderr] 
[INFO] [stderr] To learn more, run the command again with --verbose.
[INFO] [stderr] warning: build failed, waiting for other jobs to finish...
[INFO] [stderr] error: build failed
[INFO] running `Command { std: "docker" "inspect" "731ee5027f502a3a8ed4fd63de90be9296c6b44d763a20a8b4e67bbde4ae77d5", kill_on_drop: false }`
[INFO] running `Command { std: "docker" "rm" "-f" "731ee5027f502a3a8ed4fd63de90be9296c6b44d763a20a8b4e67bbde4ae77d5", kill_on_drop: false }`
[INFO] [stdout] 731ee5027f502a3a8ed4fd63de90be9296c6b44d763a20a8b4e67bbde4ae77d5
